9 = -2*i - 5*s, 5*i - 5*s = 65. What is the remainder when k(4) is divided by i?
10
Let l = -121 - -134. Calculate the remainder when 38 is divided by l.
12
Suppose 3*x + 97 = 4*x. Suppose -x = 4*t - 401. Calculate the remainder when 6 is divided by 2/(-9) + t/18.
2
Let c = 22 + -25. Calculate the remainder when 30 is divided by -1*c/(9/48).
14
Suppose -s + 21 = -0*s - l, 0 = l - 1. Calculate the remainder when s is divided by 12.
10
Let u(g) = g**3 + 8*g**2 + 6*g + 6. Calculate the remainder when 36 is divided by u(-7).
10
Suppose -3*z - z = c + 29, -3*c - 5*z - 52 = 0. Let k be (1 + 6)/(1/4). Let i = k + c. What is the remainder when i is divided by 7?
5
What is the remainder when 22 is divided by (-7 + 3)/(2/(-4))?
6
Suppose 10*n - 9 = 7*n. Let w = 3 + -1. What is the remainder when n is divided by w?
1
Suppose s + 278 = -2*s - 2*r, 4*r = -s - 96. Let u = -66 - s. What is the remainder when u is divided by 7?
5
Let x(i) = -i - 1. Let g(r) = 4*r + 11. Let n(l) = -g(l) - 3*x(l). Calculate the remainder when 22 is divided by n(-14).
4
Suppose -6*t + 20 = -t. Suppose -a - t*a = 4*r - 121, 3*r - 97 = -4*a. Suppose -2*s + 12 + 6 = 0. Calculate the remainder when a is divided by s.
7
Let v(u) = 7*u**2 - 2*u + 2. What is the remainder when v(2) is divided by 7?
5
Let c(u) = 5*u + 19. Calculate the remainder when 19 is divided by c(-3).
3
Suppose -60 = 10*h - 16*h. Calculate the remainder when h is divided by 4.
2
Let q(h) = 4*h**2 + 3. Suppose 2*c + 2 = -4*p + 2*p, 2*p - 2*c = -10. Calculate the remainder when q(p) is divided by 10.
9
Let t(h) be the third derivative of -1/3*h**3 - 3*h**2 + 0*h + 1/12*h**4 + 1/60*h**5 + 0. What is the remainder when 16 is divided by t(-4)?
4
Calculate the remainder when 14 is divided by 12/5 - 3/(-5).
2
Let m(n) = 3*n - 39. Calculate the remainder when m(19) is divided by 10.
8
What is the remainder when 85 is divided by 292/10 - (-1)/(-5)?
27
Suppose -7 - 21 = -o. Let t be (22/(-3) - -1)*3. Let y = t + o. What is the remainder when 25 is divided by y?
7
What is the remainder when 412/28 - (-2)/7 is divided by 3?
0
Suppose -5*j = 4*f - 133 - 82, -3 = 3*j. Calculate the remainder when f is divided by 14.
13
Suppose 4*t = 5*t + 2. Calculate the remainder when 54 + 3 + t - 0 is divided by 19.
17
Let c be (-2)/4*0/2. Suppose -3*w - 1 + 10 = 0. Suppose 2*h - w - 53 = c. Calculate the remainder when h is divided by 15.
13
Let g = -26 + 34. Calculate the remainder when 45 is divided by g.
5
Let y(j) = 7*j**2 + 4*j - 3. Let v(o) = -o**2 + o - 1. Let w(f) = -3*v(f) + y(f). Calculate the remainder when 16 is divided by w(-1).
7
Let i(b) = 2*b**2 - 22*b + 10. What is the remainder when i(13) is divided by 23?
16
Let v(t) = t + 21. Let i be (-57)/6 + (-1)/(-2). Calculate the remainder when v(i) is divided by 5.
2
Let f = -82 + 96. Calculate the remainder when 123 is divided by f.
11
Let i = 11 + -9. Let a(j) = -j - 7. Let q be a(-6). Let v = q + 5. What is the remainder when v is divided by i?
0
Calculate the remainder when (-468)/(-2) - ((-8)/(-4) + 0) is divided by 47.
44
Let a be (-76)/(-6) + 1/3. Let t = a - -7. Suppose u = t - 3. Calculate the remainder when 67 is divided by u.
16
Suppose -g = g + v, 0 = 2*v. Suppose g = -6*o + 223 - 55. Calculate the remainder when o is divided by 15.
13
Let s(b) = -b + 7. Suppose -3*m + 2*m = 0. What is the remainder when 20 is divided by s(m)?
6
Suppose -3*z = 42 - 150. What is the remainder when z is divided by 13?
10
Suppose 3*u - 7 = u - c, -3*c = 4*u - 9. Let l be (1 - 9/u)*0. Suppose 4*v + p = 55, l = 4*v - 9*v + 3*p + 56. Calculate the remainder when 51 is divided by v.
12
Let m be -3*(0 - 1) + -7. Let y = 6 + m. Calculate the remainder when y is divided by 2.
0
Let q(h) = 6*h + 2. Calculate the remainder when 93 is divided by q(5).
29
Let h(q) = -90*q. Let f(w) = -13*w. Let z(v) = 15*f(v) - 2*h(v). Let c(a) = -2*a. Let j(b) = 15*c(b) - z(b). What is the remainder when 28 is divided by j(-1)?
13
Suppose 16 = 2*z - 2*c - 0*c, 52 = 4*z + c. Suppose 2*t - 2*i + 12 = 0, t + 0*t - 6 = 5*i. Let j = -4 - t. What is the remainder when z is divided by j?
2
Let q be -17 - (0 + -1 + -1). Let u = q - -10. Calculate the remainder when 1/u - (-161)/5 is divided by 11.
10
Suppose 4*n = -5*m + 25 + 90, 110 = 5*m + 3*n. Let r = 32 - m. Suppose 27 = 2*x - r. Calculate the remainder when x is divided by 7.
6
Let b = -58 - -86. Calculate the remainder when 90 is divided by (322/b)/(1/2).
21
Let g(q) = -4*q**3 - 2*q + 2. Let d be g(2). Let z be d*(-2 + 2 + -1). Let x = z + 0. What is the remainder when x is divided by 12?
10
Let u = -13 + 18. Suppose u*z - i = 100, -i = -z + 3*z - 40. Let n = -4 - -11. Calculate the remainder when z is divided by n.
6
Let f(l) = l**2 + l - 1. What is the remainder when f(-9) is divided by 18?
17
Let k = 31 + -81. Let m = 91 + k. What is the remainder when m is divided by 82/6 + 2/6?
13
Let o = -4 - -10. Let i = -6 + 4. Let d(t) = -2*t**3 - 3*t**2. Calculate the remainder when o is divided by d(i).
2
Let j be (2/(-3))/(1/(-3)). Suppose -j*s + 2*u - 134 = -5*s, u - 177 = -4*s. Calculate the remainder when s is divided by 15.
14
Suppose b = 4*b - 72. Let n = 4 - -9. What is the remainder when b is divided by n?
11
Let t(m) = -3*m + 2. Let z be t(4). Let n(p) = -5*p - 5. What is the remainder when n(z) is divided by 24?
21
Suppose 2*y + 2 = -2*r + 4, -r = 2*y - 5. What is the remainder when y is divided by 3?
1
Let n = -12 - -19. Calculate the remainder when 11 is divided by n.
4
Suppose 7*a - 321 = -97. Calculate the remainder when 93 is divided by a.
29
Let c(b) = 4*b - 4. Let a be c(5). Let v = a - -11. Suppose -2*x + 3*q + v = x, -3*q - 31 = -4*x. What is the remainder when 6 is divided by x?
2
Suppose 3*q + 3*d - 10 = -2*q, 0 = -5*q + 4*d + 10. What is the remainder when 5 is divided by q?
1
Suppose 0*g + 2*g = 4, -22 = -2*n - 4*g. What is the remainder when 11 is divided by n?
4
Suppose -2*t - 204 = -4*t. Calculate the remainder when t/(-8)*8/(-3) is divided by 12.
10
Let l = 69 + -48. Calculate the remainder when l is divided by 13.
8
Let j be 18 + -2 - 6/(-2). Let v = -13 + j. Calculate the remainder when 23 is divided by v.
5
Suppose 5*c + 33 = 6*r - 5*r, 5*r - 138 = -2*c. Let y = -8 + 18. Calculate the remainder when r is divided by y.
8
Let l = -4 + 7. Suppose -y = -l*y + 6. Suppose 0 = y*f - 4 - 2. Calculate the remainder when 3 is divided by f.
1
Suppose 0*i = 5*i + 10, -305 = -5*t - 5*i. What is the remainder when t is divided by 11?
8
Suppose -4*u = -4*b + 56, 5*u + 1 = 4*u. What is the remainder when 23 is divided by b?
10
Suppose -3*f - 4*a = -47, -f + 22 = -4*a + 1. Calculate the remainder when f is divided by 5.
2
Let x(j) = j**3 + 8*j**2 + 5*j - 8. Let y(l) = l + 12. Let b be y(-8). Suppose 2*w - b = 16. Calculate the remainder when w is divided by x(-7).
4
Suppose -2*w = 5*w - 168. What is the remainder when 118 is divided by w?
22
Suppose -6*y + 2*y + 248 = 0. Suppose -4*s + s - 11 = -5*h, 3*h = 12. What is the remainder when 2/((-182)/y + s) is divided by 16?
15
Let f(j) = 21*j**2 + 2*j + 3. What is the remainder when f(-1) is divided by 6?
4
Let l = 6 - 2. Suppose 5*q + l = 6*q. What is the remainder when 9 is divided by q?
1
Let t = 6 - 4. What is the remainder when 9/21*14/t is divided by 3?
0
Suppose k = -4*k + 15. Calculate the remainder when (k*1)/(6/68) is divided by (-124)/(-7) - ((-432)/(-56) - 8).
16
Let s be ((-6)/3)/(1/(-9)). Let x = s + -13. Calculate the remainder when 8 is divided by x.
3
Let j(p) = -p**2 - p + 7. Let v(m) = -2*m**2 - m + 15. Let o(f) = 13*j(f) - 6*v(f). Calculate the remainder when 2 is divided by o(-7).
0
Let n = -35 + 60. Let o = -2 + 5. Suppose -o*y + 45 = 2*y. What is the remainder when n is divided by y?
7
Let q(j) = -5*j**2 - 2 + 10*j**2 - 5 + j**3 - 8*j. Let z be q(-6). Suppose z = -o + 28. What is the remainder when 44 is divided by o?
21
Suppose -3*s + 100 = s. Let a = s - 10. What is the remainder when 43 is divided by a?
13
Let p be (-3)/((-9)/2)*18. Calculate the remainder when 273/12 + (-9)/p is divided by 12.
10
Let n(k) = -1 - 2*k + 2 + 8*k**2 + 3. Let x be n(-4). Suppose -x = -4*v - 0*v. What is the remainder when v is divided by 18?
17
Let r = 4 + 3. Let n = -4 + r. Let h(t) = t**2 + 2*t - 2. W